hat is -20 - (7 - 17) - -86 - (-1 + -13)?
90
What is -34 + -2 + (-2 - 13) + 11?
-40
Evaluate -21 + (-4 - (-7 + -4 - 17)).
3
8 + -2 + 0 + (-132 - -150) + (0 - -9)
33
What is -23 + 10 + 3 + (37 - (2 + -5))?
30
(24 + -16 - (-4 - (-26 + 4))) + 5
-5
Evaluate 2 + 1 + (-27 - -18) + (25 - -3).
22
What is -39 - (-33 + -8) - (-22 - -44)?
-20
Calculate -12 - 24 - (-84 + 113).
-65
Calculate -19 - (-87 - (-76 + 20)).
12
Calculate 0 + 83 - (47 + -19) - 6.
49
What is 6 - (2 - -2 - 4) - -3 - (-8 + 26)?
-9
3 + 23 + (166 - 114) - 4
74
Evaluate 60 + (2 + 4 - (-80 + 93)) + 19.
72
178 - 142 - (-47 + -8)
91
Evaluate (1 - -5) + -134 + (62 - -3).
-63
(-6 - 13) + 72 + (3 - (2 + (3 - -3)))
48
What is the value of 9 + -206 + 200 + (-2 - (-20 + -2))?
23
What is the value of (-48 + -14 - -51) + 53?
42
What is -79 + 149 - 93 - -93?
70
Calculate 39 + -35 + 22 + -65 + 30.
-9
-3 - (-2 + (34 - 16) + 0 + -10)
-9
Calculate -40 - (2 + 17) - -51.
-8
Evaluate 15 - (28 + (-5 + -3 - (106 + -108))).
-7
What is the value of (-15 - -24) + 0 + (2 + -5 - -24)?
30
What is the value of (42 - -1) + 13348 + -13352?
39
What is -17 + (-3 - (-6 + 13)) + 0 + -1?
-28
Evaluate -415 + 230 + -20 + 77.
-128
Evaluate 430 + -460 - (-76 - -6).
40
Evaluate -1 + -21 + 1470 + -1459 - (1 + -115).
103
What is the value of -10 + 10 + 26 - (-6 + 5 - 7)?
34
Calculate -13 - (10 - 39) - (46 - 5).
-25
Calculate -20 - (11 - (15 - 8)) - (-9 + -2 + 18).
-31
Evaluate (0 - 3) + (-18 - -2 - (159 + -173)).
-5
What is the value of -22 - (26 + -18 + 1 + 7 + -7)?
-31
Evaluate -101 + (-6 + 52 + -44 - 42).
-141
(-14 - 74) + -6 + (-1 - -10 - -10)
-75
What is the value of -6 + -10 - ((25 - 13) + -23) - -7?
2
What is 19 - (-3 - -51) - -39 - (1 - (0 + -111))?
-102
Evaluate (-13 + 20 + -102 - (4 + -20)) + -4.
-83
Evaluate -24 - (-59 - (27 - 107)).
-45
What is the value of -1 + -2 + -3 + (67 - (21 + -15 + -22))?
77
Calculate 832 + -848 - (-39 - -3).
20
Evaluate (-1 - -21) + (18 - (-9 - -31 - 10)) - -5.
31
What is -61 + 1 + -346 + 405 - (-21 - (-1 - -1))?
20
-56 + (12 + -31 - (-11 + -1))
-63
77 - (-4 - (-277 + 285 - (-2 + 13 + -2)))
80
What is -50 + 10 + (-1 + 5 - 6) - -13?
-29
What is the value of 3 + -13 + 1192 + -1168?
14
Calculate -10 - (63 + -49 - (6 + -2)).
-20
(24 - -44) + -38 - (1 - (0 + 13))
42
Evaluate (7 - 28 - (129 + -104)) + 123.
77
What is 37 + -99 + 50 - (2 + -8 - 69 - -5)?
58
Evaluate 7 + (0 - 2) + 1 + 13 + -17 + -71.
-69
Calculate (0 - 98 - 0) + (-1560 - -731 - -814).
-113
Evaluate (-11 - (5 + 0)) + (-22 - -25) + (-11 - -10).
-14
Calculate -21 - 0 - ((8 - (-47 + 10 + 16)) + -30).
-20
What is the value of -29 - -3 - (336 + -319)?
-43
What is 1 - (23 + 2) - (-1614 - -1539)?
51
-4 + -1 - (-20 + 23 + -28 - -86)
-66
What is 10 + (-296 - -292 - (-1 - -71))?
-64
Calculate (-445 - -451) + -2 + 5 + -15 + -6.
-12
What is 761 + -662 + (-2 - (7 + (4 - 5) + -3))?
94
(2 - 1 - -17) + (186 - 224)
-20
-72 - -57 - (-1 + (14 - 72))
44
7 + (-3 - 3) + -28 - (13 + -16)
-24
Calculate -6 + 535 + -521 + 0 + -6 - 31.
-29
-17 - 73 - (7 + -14 + 10 - 11 - 3)
-79
What is -13 - 47 - (137 + -198)?
1
-5 + (-55 - (-63 - -36)) + 93
60
-7 - ((10 - 22) + 12 - (-1 - 6))
-14
What is the value of (-60 - 3) + ((-14 - 1) + -3 - (564 - 583))?
-62
What is the value of (-9 + 15 - (-2 - (0 - 53))) + -89 + 91?
-43
What is the value of 12 + 3 + (-25 - -1 - (-24 - -12))?
3
Calculate (5 - -4) + -17 + (-9 - -20).
3
What is the value of (0 - 0) + (-1132 - -1156)?
24
What is the value of (-5 - -3 - 10 - -18) + 33?
39
What is (-94 + 141 - 62) + 33?
18
What is the value of 51 + -23 - -7 - 69?
-34
Calculate -54 - -51 - (-10 + 24) - -36 - -5.
24
Evaluate 20 + (-16 - (27 + -16 + 87 + -9)).
-85
(-133 + 80 - (-3 + 1)) + 9
-42
What is -16 - (-68 - (14 + -105))?
-39
2 - -1 - (29 + (-123 - -54))
43
167 + -129 - (16 + -9 - -7)
24
What is the value of (14 - 59) + 131 + -119 - -103?
70
What is the value of -3 - -22 - 3 - ((56 - 69) + 28)?
1
Calculate -9 + -8 + 29 + -16 + 3 + -103.
-104
Calculate -59 - (-73 - (-18 - -23)).
19
Calculate -7 + (4 - (-11 - -31) - (-36 + -26)).
39
-40 + (-4 - (-9 + 6 + -17 - -1))
-25
Calculate -12 - (88 + -62 + -31).
-7
Calculate (4 + (-6 - -7) - 2) + -1 - -55.
57
Calculate -46 - ((13 - 0 - 39) + 9).
-29
Calculate (-4 - (-11 - (8 - 11) - 7)) + 16.
27
What is the value of (-121 + -33 - -164) + 37 + 0 + -1?
46
(9 - -22) + -46 + (18 - (9 - 5))
-1
-18 + -36 + 80 + -7 + 27
46
Calculate -57 + (3 - -92) - (80 - -1).
-43
What is the value of 2 + 0 + -5 - -9 - (-53 - -58) - 32?
-31
What is the value of 178 - (55 - -35) - 86?
2
What is ((-25 - 11) + 33 - (37 + 1)) + -8?
-49
Evaluate -3 + (26 - ((-104 - -117) + 1 + -7)).
16
What is -12 + (-7 - (-15 - 14)) - (3 + -3 - -1)?
9
Evaluate (104 - (258 + -163)) + (2 - (0 - -15)) + 109.
105
Evaluate (3 - (-5 + 4)) + -4 + (-18 - (17 + -121)).
86
Evaluate 2 - (-1 - -17 - (1345 + -1381)).
-50
What is -40 + (37 - (-11 + 26)) - 17?
-35
Evaluate (1 + -43 - (71 - 103)) + (48 - 0).
38
Evaluate 10 + -73 + (-1 - -15) + 7.
-42
-188 + 81 + -19 + -24 - -20
-130
What is -10 + -1 + -666 + 686 + 0 + 19?
28
What is the value of (12 - -20) + -37 + 18?
13
Calculate 13 + -65 + -53 - (10 - 45).
-70
Evaluate (-5 - -104) + -591 + 387.
-105
Evaluate -60 + 1 - (4 - (-6 + 4 + 18)).
-47
16 - (-30 + 15) - (1 + 2)
28
What is the value of -19 - (8 - 4) - (279 + -311)?
9
(-3 - 34 - -3) + -4 - (58 + -53)
-43
Calculate 0 - 2 - -88 - (-13 - (-2 + 7) - -19).
85
What is the value of -2 + -6 - (-12 + (-53 + 80 - (-17 - 4)))?
-44
(207 - 118) + -5 - -9
93
Calculate (-4 - -2) + (49 - 42) - 10 - (45 - 0).
-50
Calculate 6 + -2 + -5 + -55 + -27 + 39.
-44
What is the value of -10 + 14 + -43 - 14?
-53
What is the value of (2 + -2 + -12 - (20 - (47 + -22))) + 54?
47
Evaluate -9 + ((40 - -1) + -1 - 26).
5
Calculate 2 - (-13 + 24 + -5 + (-1 - 3)).
0
Calculate (8 - 0 - -2) + -31 + -47 + 19 + -7.
-56
What is 0 - (-11 + (-88 + 82 - (25 + -1)))?
41
Calculate -25 + (43 - -24) + -50 + -5 + (-3 - -1).
-15
Calculate (-52 - -97) + -54 - (0 + (4 - 7 - -18)).
-24
72 + (-2 - 25) - 19 - -43
69
-34 + (9 - (19 - (0 - -5))) + -9
-48
(-1 + -4 - 31) + -5 + (-7 - (0 - 14))
-34
What is (1 - 5 - (26 - (-2 + 3) - 20)) + -8?
-17
Calculate 33280 - 33303 - (-96 - (-2 + 3)).
74
What is 3994 - 3987 - ((30 - (-5 - -2)) + 3 + -3)?
-26
Calculate 17 + -14 - ((-12 - -58) + -4).
-39
What is 41 + 3 - 23 - (59 - 46)?
8
8 + (79 + 1 + -12 + 1 - (-1 - -11))
67
Evaluate 4 + -1 - (-2 + -50) - (-79 + 107 + -34).
61
Evaluate 52 + -88 + (21 - 41).
-56
What is the value of -50 - -51 - (5 + -8 + 14 + -2) - -18?
10
Evaluate -57 + (15 - 47) + -26 - (-18 + 0).
-97
83 + (-14 - -13) + 24 - 26
80
What is 9 - (4 + 29 + 2) - 17?
-43
10 + (-52 - -4 - 2) - -14
-26
Evaluate -111 - (-45 - (-101 + 37) - (9 + 0)).
-121
Evaluate -24 + 66 + -34 + -36.
-28
What is 15 + (-17 - -4) + (-1 + -1 - -68)?
68
Evaluate (-80 - -31) + -4 + 1 - (15 - 3).
-64
Evaluate (-139 - 0) + (16 - 11 - (87 + -100)).
-121
What is the value of 103 + (2 + 8 + -1 + -1 - (-4 + 20))?
95
What is the value of -255 + 205 - (-15 - (-4 - 0))?
-39
(-6 - 2) + 3 + 5 + 31 + (47 - 12)
66
Evaluate -2 - -89 - (646 + -500).
-59
131 + -5 + 3186 + -3234
78
What is (31 + -30 + -13 - (0 - -61)) + -12?
-85
Evaluate -2098 - -2165 - (-4 + 10 - (-1 + -1)).
59
Calculate (-5 - 4 - -22 - 6 - -16) + -17.
6
Calculate 10 + (-132 - -59) + (0 - 9 - 4).
-76
Calculate 62 + (0 - (10 + ((9 - 2) + -29 - -8))).
66
-3 + (-16 - 5) + (-27 - 11) + 6
-56
(10 - 4) + 7 - 8 - (-19 + (13 - -3))
8
Evaluate -66 + -54 - -134 - (-85 + (0 + 1 - 0)).
98
Calculate (-2 - 20 - 1) + -35 + 58 + 24.
24
What is 34 + 20 + 34 + -45 + 30?
73
Calculate -2 - -11 - (70 + -21 + -9 - -24).
-55
Calculate (10 - 1 - 2) + (24 + -37 - -22 - -9).
25
Calculate (-39 + 19 + -43 - (-2 - 9)) + 11 + -13.
-54
What is 2 + (12 - (-1 - (-7 - 13)) - (-9 + 1))?
3
-14 + (104 - (-86 - -94))
82
35 - 1 - (-418 + (239 - -218))
-5
What is -1 + -56 + 112 - -11?
66
4 + 5 + 1 + 2 + -50 + 41 - -46
49
(-7 + 8 - -8) + 3 + (-51 - -11)
-28
253 + -261 + (-2 - 1) + -3
-14
Evaluate -104 + 68 + -45 - -45.
-36
-11267 - -11099 - (-1 - 78)
-89
What is the value of 1 + 44 + 262 + -291 + -30?
-14
What is the value of 24 + -1 + (-329 - (-268 + -141))?
103
Calculate (-17 - 8) + -4 + (-1 - -5 - -2) - -3.
-20
Calculate (1 - 25) + 1 - (-12320 + 12293).
4
What is 41